{"id":7300,"date":"2021-05-04T17:45:16","date_gmt":"2021-05-04T15:45:16","guid":{"rendered":"https:\/\/www2.gruener-rabe.com\/?post_type=product&#038;p=7300"},"modified":"2021-05-05T21:13:28","modified_gmt":"2021-05-05T19:13:28","slug":"weinblaetter-rot-schwarz","status":"publish","type":"product","link":"https:\/\/www2.gruener-rabe.com\/index.php\/produkt\/weinblaetter-rot-schwarz\/","title":{"rendered":"Weinbl\u00e4tter, rot\/schwarz"},"content":{"rendered":"<p>Collier aus Weinbl\u00e4ttern und Ranken in 3 Rott\u00f6nen, schwarz und grau mit Wachsglasperlen.<\/p>\n<p>Baumwoll- und Leinengarne, Magnetverschlu\u00df.<\/p>\n","protected":false},"excerpt":{"rendered":"<p>Collier aus Weinbl\u00e4ttern und Ranken in 3 Rott\u00f6nen, schwarz und grau mit Wachsglasperlen. Baumwoll- und Leinengarne, Magnetverschlu\u00df.<\/p>\n","protected":false},"featured_media":7290,"template":"","meta":{"_crdt_document":""},"product_brand":[],"product_cat":[63],"product_tag":[],"class_list":{"0":"post-7300","1":"product","2":"type-product","3":"status-publish","4":"has-post-thumbnail","6":"product_cat-accessoires_hals","8":"first","9":"instock","10":"taxable","11":"shipping-taxable","12":"purchasable","13":"product-type-simple"},"_links":{"self":[{"href":"https:\/\/www2.gruener-rabe.com\/index.php\/wp-json\/wp\/v2\/product\/7300","targetHints":{"allow":["GET"]}}],"collection":[{"href":"https:\/\/www2.gruener-rabe.com\/index.php\/wp-json\/wp\/v2\/product"}],"about":[{"href":"https:\/\/www2.gruener-rabe.com\/index.php\/wp-json\/wp\/v2\/types\/product"}],"wp:featuredmedia":[{"embeddable":true,"href":"https:\/\/www2.gruener-rabe.com\/index.php\/wp-json\/wp\/v2\/media\/7290"}],"wp:attachment":[{"href":"https:\/\/www2.gruener-rabe.com\/index.php\/wp-json\/wp\/v2\/media?parent=7300"}],"wp:term":[{"taxonomy":"product_brand","embeddable":true,"href":"https:\/\/www2.gruener-rabe.com\/index.php\/wp-json\/wp\/v2\/product_brand?post=7300"},{"taxonomy":"product_cat","embeddable":true,"href":"https:\/\/www2.gruener-rabe.com\/index.php\/wp-json\/wp\/v2\/product_cat?post=7300"},{"taxonomy":"product_tag","embeddable":true,"href":"https:\/\/www2.gruener-rabe.com\/index.php\/wp-json\/wp\/v2\/product_tag?post=7300"}],"curies":[{"name":"wp","href":"https:\/\/api.w.org\/{rel}","templated":true}]}}